467
List the prime factors of 40284.
2, 3, 373
What are the prime factors of 11604?
2, 3, 967
List the prime factors of 1777.
1777
List the prime factors of 27057.
3, 29, 311
What are the prime factors of 815?
5, 163
List the prime factors of 4094.
2, 23, 89
List the prime factors of 1966.
2, 983
What are the prime factors of 6859?
19
List the prime factors of 1061.
1061
What are the prime factors of 1684?
2, 421
What are the prime factors of 187?
11, 17
What are the prime factors of 2403?
3, 89
What are the prime factors of 2276?
2, 569
List the prime factors of 1859.
11, 13
What are the prime factors of 24180?
2, 3, 5, 13, 31
What are the prime factors of 12911?
12911
What are the prime factors of 1981?
7, 283
What are the prime factors of 6662?
2, 3331
List the prime factors of 44793.
3, 7, 79
What are the prime factors of 84?
2, 3, 7
List the prime factors of 16857.
3, 1873
What are the prime factors of 25343?
25343
List the prime factors of 1004.
2, 251
List the prime factors of 9269.
13, 23, 31
What are the prime factors of 1740?
2, 3, 5, 29
What are the prime factors of 32703?
3, 11, 991
What are the prime factors of 1070?
2, 5, 107
List the prime factors of 86042.
2, 11, 3911
What are the prime factors of 23902?
2, 17, 19, 37
List the prime factors of 142.
2, 71
What are the prime factors of 8713?
8713
What are the prime factors of 3540?
2, 3, 5, 59
What are the prime factors of 34761?
3, 11587
What are the prime factors of 1842?
2, 3, 307
List the prime factors of 138.
2, 3, 23
What are the prime factors of 15650?
2, 5, 313
List the prime factors of 11782.
2, 43, 137
List the prime factors of 30962.
2, 113, 137
What are the prime factors of 1736?
2, 7, 31
What are the prime factors of 2293?
2293
List the prime factors of 5107.
5107
What are the prime factors of 3557?
3557
What are the prime factors of 95906?
2, 79, 607
List the prime factors of 882.
2, 3, 7
List the prime factors of 97187.
97187
List the prime factors of 2460.
2, 3, 5, 41
What are the prime factors of 10949?
10949
List the prime factors of 24595.
5, 4919
List the prime factors of 9567.
3, 1063
List the prime factors of 6228.
2, 3, 173
List the prime factors of 9895.
5, 1979
List the prime factors of 28133.
7, 4019
What are the prime factors of 887?
887
What are the prime factors of 2736?
2, 3, 19
List the prime factors of 998.
2, 499
What are the prime factors of 1007?
19, 53
List the prime factors of 48519.
3, 599
List the prime factors of 22549.
22549
List the prime factors of 6379.
6379
List the prime factors of 48047.
23, 2089
What are the prime factors of 2689?
2689
What are the prime factors of 9593?
53, 181
What are the prime factors of 32212?
2, 8053
List the prime factors of 100.
2, 5
What are the prime factors of 6931?
29, 239
List the prime factors of 2584.
2, 17, 19
What are the prime factors of 5907?
3, 11, 179
List the prime factors of 119454.
2, 3, 43, 463
What are the prime factors of 175?
5, 7
List the prime factors of 3202.
2, 1601
What are the prime factors of 1742?
2, 13, 67
List the prime factors of 69413.
41, 1693
What are the prime factors of 7966?
2, 7, 569
List the prime factors of 28665.
3, 5, 7, 13
What are the prime factors of 37712?
2, 2357
List the prime factors of 50991.
3, 23, 739
What are the prime factors of 51799?
11, 17, 277
List the prime factors of 36082.
2, 18041
List the prime factors of 1025.
5, 41
What are the prime factors of 2246?
2, 1123
What are the prime factors of 1468?
2, 367
What are the prime factors of 2102?
2, 1051
What are the prime factors of 5716?
2, 1429
List the prime factors of 48506.
2, 79, 307
List the prime factors of 14134.
2, 37, 191
List the prime factors of 2380.
2, 5, 7, 17
List the prime factors of 53601.
3, 17, 1051
What are the prime factors of 2586?
2, 3, 431
List the prime factors of 739.
739
What are the prime factors of 2898?
2, 3, 7, 23
What are the prime factors of 363?
3, 11
What are the prime factors of 1699?
1699
List the prime factors of 194.
2, 97
What are the prime factors of 3719?
3719
List the prime factors of 64313.
73, 881
List the prime factors of 974.
2, 487
What are the prime factors of 7016?
2, 877
List the prime factors of 2338.
2, 7, 167
What are the prime factors of 5521?
5521
What are the prime factors of 5067?
3, 563
What are the prime factors of 1757?
7, 251
What are the prime factors of 22878?
2, 3, 31, 41
List the prime factors of 5409.
3, 601
What are the prime factors of 34640?
2, 5, 433
List the prime factors of 59752.
2, 7, 11, 97
What are the prime factors of 2712?
2, 3, 113
List the prime factors of 78.
2, 3, 13
What are the prime factors of 102?
2, 3, 17
List the prime factors of 26092.
2, 11, 593
List the prime factors of 835.
5, 167
List the prime factors of 13758.
2, 3, 2293
What are the prime factors of 56602?
2, 7, 13, 311
What are the prime factors of 595?
5, 7, 17
What are the prime factors of 472?
2, 59
List the prime factors of 2749.
2749
List the prime factors of 1421.
7, 29
List the prime factors of 123775.
5, 4951
List the prime factors of 1191.
3, 397
What are the prime factors of 1091?
1091
What are the prime factors of 19826?
2, 23, 431
What are the prime factors of 17683?
17683
What are the prime factors of 4523?
4523
What are the prime factors of 10772?
2, 2693
List the prime factors of 8279.
17, 487
What are the prime factors of 5123?
47, 109
List the prime factors of 282.
2, 3, 47
What are the prime factors of 3345?
3, 5, 223
List the prime factors of 152.
2, 19
What are the prime factors of 1856?
2, 29
List the prime factors of 465.
3, 5, 31
What are the prime factors of 13118?
2, 7, 937
What are the prime factors of 41072?
2, 17, 151
List the prime factors of 6717.
3, 2239
List the prime factors of 12957.
3, 7, 617
List the prime factors of 344.
2, 43
What are the prime factors of 3102?
2, 3, 11, 47
What are the prime factors of 1143?
3, 127
What are the prime factors of 857?
857
What are the prime factors of 518?
2, 7, 37
List the prime factors of 92363.
92363
List the prime factors of 4952.
2, 619
List the prime factors of 17482.
2, 8741
What are the prime factors of 8731?
8731
List the prime factors of 148.
2, 37
What are the prime factors of 17899?
7, 2557
List the prime factors of 3517.
3517
What are the prime factors of 9542?
2, 13, 367
List the prime factors of 9097.
11, 827
List the prime factors of 19552.
2, 13, 47
What are the prime factors of 26992?
2, 7, 241
List the prime factors of 8806.
2, 7, 17, 37
List the prime factors of 884.
2, 13, 17
List the prime factors of 886.
2, 443
List the prime factors of 4429.
43, 103
What are the prime factors of 2714?
2, 23, 59
What are the prime factors of 907?
907
What are the prime factors of 5484?
2, 3, 457
List the prime factors of 44190.
2, 3, 5, 491
List the prime factors of 32294.
2, 67, 241
List the prime factors of 8017.
8017
What are the prime factors of 660?
2, 3, 5, 11
List the prime factors of 871.
13, 67
What are the prime factors of 20068?
2, 29, 173
List the prime factors of 1719.
3, 191
What are the prime factors of 163?
163
List the prime factors of 1273.
19, 67
What are the prime factors of 5684?
2, 7, 29
List the prime factors of 23631.
3, 7877
List the prime factors of 116620.
2, 5, 7, 17
What are the prime factors of 13796?
2, 3449
What are the prime factors of 2034?
2, 3, 113
List the prime factors of 3809.
13, 293
List the prime factors of 2138.
2, 1069
What are the prime factors of 3644?
2, 911
What are the prime factors of 2727?
3, 101
What are the prime factors of 695?
5, 139
What are the prime factors of 81478?
2, 40739
List the prime factors of 53611.
53611
What are the prime factors of 664?
2, 83
List the prime factors of 848.
2, 53
What are the prime factors of 15454?
2, 7727
List the prime factors of 25958.
2, 12979
List the prime factors of 12596.
2, 47, 67
What are the prime factors of 13476?
2, 3, 1123
What are the prime factors of 3953?
59, 67
List the prime factors of 24038.
2, 7, 17, 101
List the prime factors of 5665.
5, 11, 103
List the prime factors of 764.
2, 191
List the prime factors of 103679.
199, 521
List the prime factors of 2406.
2, 3, 401
List the prime factors of 21948.
2, 3, 31, 59
List the prime factors of 14508.
2, 3, 13, 31
What are the